 the highest common divisor of l and 189?
27
Let p be (-1050)/(-125)*20/3. Calculate the greatest common factor of p and 21.
7
Let f = -145 - -388. What is the highest common divisor of f and 81?
81
Let g(c) = 2*c**2 + 5*c + 7. Let z be g(-5). Let q be -96*(2 - (-20)/(-6)). Calculate the highest common divisor of q and z.
32
Let x = 100 - 69. Let s = x - -6. Calculate the highest common divisor of s and 111.
37
Let k = 42 - 54. Let v be (k/(-18))/((-4)/(-72)). Calculate the highest common factor of 30 and v.
6
Suppose -210 = -5*k + 2*r, -k - r = -2*k + 42. Let b = -766 - -772. What is the greatest common factor of k and b?
6
Suppose 21*v = 25*v - 20. Suppose 5*g = 2*h - 4*h - 15, 4*g - 5 = -v*h. Calculate the highest common factor of h and 10.
5
Let v be (-2)/(-3) + 312/18. Suppose -14 - v = -3*c - 5*z, -4*z - 96 = -4*c. Calculate the greatest common factor of c and 38.
19
Suppose 2*q = 4*l + 5*q - 255, -4*l + 4*q = -248. Let b be (-3 - 0)/((-3)/l). Calculate the greatest common divisor of 9 and b.
9
Let n(h) = -30*h - 22. Let v be n(-5). What is the greatest common factor of 16 and v?
16
Let p be (8 + (-17)/4)/((-1)/(-4)). Calculate the greatest common divisor of 255 and p.
15
Let j = 1906 + -1897. Let g = 8 - 5. Calculate the greatest common divisor of g and j.
3
Let h = -100 + 142. Let r = h - 33. What is the highest common divisor of 99 and r?
9
Let l(m) = 0*m - m - m**2 + 3*m + 4. Let d be l(4). Let x be d/(-12) - 136/(-6). What is the greatest common divisor of 23 and x?
23
Suppose 21*k + 48 = 24*k. Calculate the greatest common factor of k and 1.
1
Let j be 9/(-2)*(13/(-3) + -1). Suppose 0 = o - 3*x - j, -4*x - 20 = x. Calculate the highest common factor of o and 3.
3
Suppose -23*i + 24*i - 37 = 0. Let w = i - 17. Let r be 5*((-136)/w)/(-1). What is the greatest common factor of 51 and r?
17
Suppose 0*v + 55 = 11*v. Suppose v*o - 534 + 174 = 0. Let c = -9 + 18. What is the greatest common factor of c and o?
9
Suppose -14 = 5*o - 4, 0 = -3*j - 4*o - 2. Let f = 20 + 30. Suppose -j*m = 4*l - f, -4*m + m - 3*l = -69. What is the greatest common divisor of 105 and m?
21
Suppose -2*k = -2 - 12. Suppose k*l + 2*n = 4*l + 66, 3*l - 66 = -3*n. Suppose -m - 16 = -9*m. Calculate the greatest common divisor of m and l.
2
Suppose -2*w + 4 = -2. Suppose 2*r - 4*u + 2 = 7*r, 4*r = w*u + 14. Suppose -11 = -3*q + r*q. Calculate the highest common factor of 55 and q.
11
Let m(v) = 2*v - 37. Let b be m(15). Let t be 2*(1 - 3) - b. Let p = -65 + 98. What is the greatest common factor of p and t?
3
Suppose -49 = -3*c - 5*h, 0 = -h - 1. What is the highest common factor of 48 and c?
6
Suppose 3*d + s - 9 = 2*s, -4*s + 12 = 0. Let j = 8 - d. Suppose -4*p - 8 = 0, j*f - 100 = f - 4*p. Calculate the greatest common divisor of f and 12.
12
Let v be 3 + -2 - (-65)/1. Let j be 4/14 + v/14. Suppose -j*i + 2*q + 80 = 5, 5*q - 110 = -5*i. Calculate the greatest common divisor of 17 and i.
17
Let r be (-306)/(-10) - 3/5. Suppose -467 = 5*b - h - 1515, 2*h + 626 = 3*b. What is the greatest common factor of r and b?
30
Let l(o) = -o**2 + 65*o + 55. Let j be l(61). Calculate the greatest common divisor of j and 391.
23
Let f be (-462)/(-55) + -6*(-1)/10. What is the highest common divisor of 6 and f?
3
Suppose 0 = 4*i - 5*n - 1639, 2*n - 831 = 4*i - 2485. What is the highest common factor of i and 96?
32
Let u be 932/58 + (-130)/1885. What is the greatest common divisor of 9 and u?
1
Suppose -2*k + 5*b + 300 = 0, -b - 543 = -5*k + 253. Calculate the greatest common divisor of 100 and k.
20
Let b = 70 + 258. Calculate the greatest common divisor of b and 82.
82
Let g be (240/(-35) + 6)/((-3)/252). Suppose 3*v - 4*v - c + 3 = 0, -4*v + 3*c + 47 = 0. Calculate the highest common divisor of v and g.
8
Let f be (-68)/(-6) + 4/6. Suppose 605 = -3*g - 3*i + 2*i, 3*g - 4*i + 625 = 0. Let q = -95 - g. What is the greatest common divisor of q and f?
12
Let s be ((-2)/2)/(6/180). Let p = s - -95. Suppose 0*o - 4*o - 3*c = -p, 19 = 2*o - 3*c. What is the highest common divisor of 7 and o?
7
Let n(u) = -u**3 + 5*u**2 - 3*u + 1. Let m be n(3). Let y = -14 + 37. Suppose -q = -7 - y. What is the highest common divisor of q and m?
10
Let i = -2468 + 4508. Calculate the highest common divisor of 102 and i.
102
Let m be (-9 + -10)*3/1. Let y = -37 - m. Calculate the highest common divisor of y and 5.
5
Let v be 478/10 + (-5)/(-25). What is the highest common divisor of 36 and v?
12
Suppose w + 5*d - 91 - 104 = 0, 425 = 2*w + 3*d. Let s = -7 - -27. Calculate the highest common divisor of s and w.
20
Let g(o) = o + 118. Let j be g(-31). What is the greatest common factor of 3 and j?
3
Suppose 2*n = n + 27. Suppose -r - 2*r + n = 0. Calculate the greatest common factor of r and 81.
9
Suppose -5*x + 380 + 735 = 0. Suppose t - x = 5*l, 0 = 4*t + 9*l - 8*l - 787. Calculate the highest common divisor of t and 22.
22
Let q be ((-15)/12)/(35/(-28) - -1). Calculate the highest common divisor of 17 and q.
1
Suppose 3*j - 72 = -57. What is the greatest common divisor of 32 and j?
1
Let i be (-55)/(-33) + (-381)/(-9). Let b(f) = f**2 + 8*f + 13. Let l be b(-9). What is the highest common factor of l and i?
22
Let n be (14/(-7))/(2/(-4)). Suppose n*t - 1984 = -4*t. Let m(l) = -4*l + 7. Let z be m(-6). What is the highest common divisor of t and z?
31
Let r be (2 + 3*(-65)/30)*4. Let w be ((-4)/2 - -1)*-58. Let j be (r/(-12))/(3/w). What is the greatest common divisor of j and 87?
29
Let a = -1430 - -1571. What is the highest common factor of 3 and a?
3
Suppose 4*g = -5*v + 4 - 20, 20 = -5*v - 5*g. Suppose -3*r = -v*r + 30. Let p be (12/r)/((-3)/15). Calculate the highest common divisor of 18 and p.
6
Let g = -4 - -19. Suppose -5*r = -4*r + 5*o - 97, -4*r + 343 = 5*o. Suppose 4*f = 5*i + r + 258, -16 = -4*i. Calculate the greatest common divisor of g and f.
15
Let x = 167 + -152. Calculate the greatest common divisor of 25 and x.
5
Suppose -12 = 6*i, -5*q - 127 = -5*i + i. Suppose 33 = -4*g + 3*r - 20, 5*r - 37 = 2*g. Let b = g - q. Calculate the highest common divisor of b and 2.
2
Let m = 1696 + -1621. What is the greatest common divisor of 120 and m?
15
Let c be -2*(32*4 + (-6 - -3)). Let g be (-8)/(-48)*4 + c/(-3). Calculate the highest common factor of g and 28.
28
Let y be (1 + -3)/((-28)/6566). Calculate the highest common divisor of y and 7.
7
Let x = 2 + 58. Suppose 0 = 2*z - 3*a + 6, 0 = 3*z + 2*a - 20 + 3. Suppose 2*s - 18 = -2*h, z*s - 17 = 3*h + 28. What is the highest common factor of x and s?
12
Let j(w) = w - 4*w**2 + 4*w**2 + 9*w**3 - 4*w**2 - 1 + 5*w**2. Let n be j(1). What is the highest common divisor of n and 5?
5
Let l = -578 - -606. Suppose 4*d - 22 = 6. What is the greatest common divisor of l and d?
7
Suppose 3*w = 4*w - 3. Suppose w*s + 18 = c, -2*c - 4*s = 2*c - 40. Let g = 147 + -87. What is the highest common factor of c and g?
12
Let a be (-14)/(-2)*(-3840)/(-35). What is the greatest common factor of 64 and a?
64
Suppose -9*y + 2187 = 18*y. What is the highest common factor of 15 and y?
3
Let y(q) = -4*q + 4. Suppose 2 - 4 = -2*n. Let k(c) = -c. Let t(v) = n*y(v) - 3*k(v). Let z be t(-8). Calculate the highest common divisor of 8 and z.
4
Let t = -56 + -28. Let m = t + 94. What is the highest common factor of m and 50?
10
Let z = 16 + -1. Suppose 125 + z = 5*m. What is the highest common divisor of m and 7?
7
Let x(v) = -2 + 5 - v**2 - 10*v + 0*v. Let k be x(-10). Suppose k*m - 55 = -2*m. What is the highest common factor of 88 and m?
11
Suppose 0 = 4*b - 5*b + 35. Let v(t) = 0*t - 162 + 181 - 2*t. Let a be v(6). What is the highest common factor of b and a?
7
Let i(b) = b**3 + 8*b**2 - 5*b - 26. Let c be i(-8). Suppose -c*t + 20 = -12*t. What is the highest common divisor of 90 and t?
10
Let g be 5*(-6)/(-165) - 174/(-11). Calculate the greatest common divisor of g and 24.
8
Let x(t) = -40*t - 272. Let z be x(-9). Calculate the greatest common divisor of 352 and z.
88
Suppose -5*g + 1850 = -2*d, -g + d = -0*g - 367. What is the greatest common divisor of 12 and g?
12
Let j(k) = -5*k - 44. Let z be j(-15). Suppose 4*a - 45 = z. What is the greatest common factor of 247 and a?
19
Let w be 195*(40/30 + 1). Calculate the greatest common factor of 35 and w.
35
Let a = 350 